visor of 48 and 498.
6
Calculate the highest common factor of 2176 and 2.
2
Calculate the greatest common divisor of 13 and 105521.
13
Calculate the greatest common divisor of 13 and 6.
1
Calculate the highest common factor of 88 and 242.
22
What is the highest common factor of 14740 and 330?
110
Calculate the highest common factor of 803 and 341.
11
What is the greatest common factor of 196 and 364?
28
Calculate the highest common divisor of 1462 and 136.
34
What is the greatest common divisor of 19 and 16739?
19
Calculate the highest common divisor of 148 and 111.
37
Calculate the greatest common divisor of 44024 and 8.
8
What is the greatest common factor of 112 and 14?
14
Calculate the highest common divisor of 305 and 45.
5
Calculate the highest common divisor of 1 and 578.
1
What is the highest common divisor of 44 and 77220?
44
Calculate the highest common divisor of 47187 and 321.
321
What is the highest common factor of 4004 and 4312?
308
Calculate the highest common divisor of 4008 and 24.
24
Calculate the highest common factor of 80 and 120.
40
Calculate the greatest common factor of 311 and 2.
1
Calculate the highest common factor of 10992 and 24.
24
Calculate the greatest common factor of 9453 and 138.
69
Calculate the highest common factor of 24 and 1347.
3
What is the greatest common factor of 142 and 3053?
71
What is the greatest common factor of 13 and 169?
13
What is the greatest common divisor of 3409 and 7?
7
What is the greatest common factor of 12 and 1308?
12
Calculate the greatest common factor of 1269 and 27.
27
What is the greatest common factor of 2465 and 510?
85
Calculate the highest common factor of 117 and 3471.
39
What is the highest common divisor of 325 and 10?
5
Calculate the highest common divisor of 141 and 18471.
141
What is the greatest common divisor of 1044 and 324?
36
Calculate the highest common factor of 65 and 3991.
13
What is the highest common factor of 1431 and 371?
53
What is the highest common divisor of 133 and 836?
19
Calculate the greatest common divisor of 806 and 31.
31
What is the highest common factor of 46 and 2714?
46
Calculate the greatest common divisor of 374 and 68.
34
What is the highest common divisor of 9 and 6381?
9
Calculate the highest common divisor of 3731 and 39.
13
Calculate the greatest common factor of 11 and 649.
11
Calculate the highest common factor of 519 and 24.
3
What is the greatest common factor of 7792 and 112?
16
Calculate the greatest common divisor of 90 and 8.
2
What is the highest common factor of 781 and 374?
11
What is the greatest common factor of 234 and 72?
18
Calculate the highest common divisor of 182 and 52.
26
Calculate the highest common divisor of 42 and 678.
6
What is the highest common divisor of 14 and 2933?
7
Calculate the greatest common factor of 81 and 27.
27
What is the greatest common divisor of 204 and 3?
3
Calculate the highest common factor of 40 and 808.
8
Calculate the greatest common divisor of 216 and 16.
8
Calculate the greatest common divisor of 6453 and 27.
27
Calculate the greatest common factor of 60 and 1420.
20
What is the greatest common factor of 275 and 800?
25
Calculate the highest common factor of 650 and 1053.
13
Calculate the greatest common divisor of 30 and 762.
6
Calculate the greatest common divisor of 15824 and 23.
23
What is the greatest common factor of 16 and 74?
2
What is the greatest common factor of 32 and 6?
2
Calculate the highest common divisor of 10 and 490.
10
Calculate the highest common factor of 12190 and 212.
106
What is the greatest common divisor of 117 and 26?
13
Calculate the greatest common factor of 1222 and 52.
26
Calculate the highest common factor of 81 and 2187.
81
What is the highest common divisor of 140 and 23170?
70
What is the greatest common factor of 4 and 7?
1
Calculate the highest common factor of 591 and 13199.
197
What is the highest common divisor of 932 and 16?
4
What is the greatest common divisor of 9 and 144?
9
Calculate the greatest common factor of 2 and 302.
2
What is the greatest common factor of 144 and 1800?
72
Calculate the greatest common factor of 13644 and 27.
9
Calculate the highest common divisor of 20 and 6.
2
Calculate the greatest common factor of 5038 and 242.
22
Calculate the greatest common factor of 517 and 55.
11
What is the greatest common divisor of 40 and 25?
5
What is the highest common factor of 30 and 405?
15
What is the highest common factor of 27 and 459?
27
Calculate the greatest common divisor of 28085 and 410.
205
What is the highest common divisor of 23661 and 33?
33
What is the greatest common divisor of 10 and 640?
10
What is the highest common factor of 2 and 6602?
2
What is the highest common divisor of 2028 and 36?
12
What is the greatest common factor of 16991 and 13?
13
What is the highest common divisor of 20 and 145?
5
What is the highest common factor of 1375 and 875?
125
Calculate the highest common divisor of 105 and 245.
35
What is the highest common factor of 320 and 5056?
64
Calculate the highest common divisor of 12 and 1008.
12
What is the highest common factor of 41 and 533?
41
Calculate the greatest common divisor of 117 and 72.
9
What is the highest common divisor of 69 and 1518?
69
Calculate the greatest common divisor of 22 and 71049.
11
What is the highest common factor of 232 and 638?
58
What is the greatest common divisor of 1596 and 168?
84
What is the greatest common divisor of 75 and 475?
25
What is the highest common factor of 52 and 10?
2
What is the greatest common divisor of 3564 and 528?
132
Calculate the greatest common factor of 29 and 2001.
29
Calculate the greatest common factor of 7165 and 5.
5
What is the greatest common factor of 9 and 243?
9
Calculate the highest common divisor of 126 and 1638.
126
What is the highest common factor of 9310 and 2205?
245
Calculate the greatest common factor of 380 and 551.
19
Calculate the highest common factor of 4312 and 22.
22
What is the highest common divisor of 286 and 3003?
143
Calculate the highest common divisor of 21 and 161.
7
Calculate the highest common divisor of 9 and 837.
9
What is the highest common factor of 112 and 280?
56
What is the greatest common divisor of 1084 and 4?
4
What is the greatest common factor of 30 and 510?
30
What is the highest common divisor of 1349 and 639?
71
What is the highest common factor of 52 and 16?
4
Calculate the greatest common factor of 13 and 1053.
13
Calculate the highest common divisor of 1330 and 3705.
95
Calculate the greatest common divisor of 451 and 2009.
41
What is the greatest common factor of 2701 and 37?
37
What is the highest common divisor of 816 and 153?
51
Calculate the greatest common factor of 5564 and 4066.
214
Calculate the greatest common divisor of 2534 and 126.
14
What is the greatest common factor of 23 and 34?
1
What is the greatest common divisor of 10 and 205?
5
What is the highest common divisor of 424 and 2650?
106
Calculate the greatest common divisor of 1344 and 42.
42
Calculate the highest common factor of 5 and 355.
5
What is the highest common divisor of 258 and 6?
6
What is the greatest common divisor of 128 and 464?
16
What is the highest common divisor of 149 and 8?
1
What is the greatest common factor of 34 and 2?
2
What is the highest common factor of 110 and 39930?
110
Calculate the highest common factor of 7501 and 13.
13
What is the highest common divisor of 36 and 177?
3
Calculate the highest common divisor of 36 and 54.
18
What is the highest common factor of 2340 and 20?
20
Calculate the greatest common divisor of 672 and 96.
96
What is the greatest common divisor of 784 and 21?
7
Calculate the highest common factor of 319 and 58.
29
Calculate the highest common divisor of 30 and 105.
15
Calculate the greatest common divisor of 15 and 25065.
15
What is the greatest common factor of 2760 and 120?
120
Calculate the greatest common divisor of 383 and 1.
1
What is the highest common factor of 1288 and 28?
28
What is the highest common divisor of 1681 and 41?
41
Calculate the highest common divisor of 970 and 1358.
194
Calculate the highest common factor of 520 and 1960.
40
Calculate the highest common factor of 12 and 348.
12
What is the greatest common divisor of 112 an